u?
2, 3
Let j be 3/6*(6 + 0). Suppose g + j*a - 23 = -a, g = -3*a + 22. What are the prime factors of g?
19
Let o(g) = 8*g**2 + 3*g - 1. List the prime factors of o(2).
37
Let j(s) = -s + 1. List the prime factors of j(-6).
7
Let n be -3*3*(-2)/(-9). Let j = 11 + n. What are the prime factors of j?
3
Let l(i) be the first derivative of -i**2/2 + 3*i - 3. Let m be l(6). Let k(a) = -a**3 - 3*a**2 - a + 4. List the prime factors of k(m).
7
Let g(a) = -10*a + 1. Let o be g(-9). Let w = -40 + o. Suppose 3*h + 54 = 4*x, -3*x - 4*h = -2 - w. What are the prime factors of x?
3, 5
Let d(n) = 3*n - 2. Let g be d(3). Let o(t) = -t**3 + t - 4. Let p be o(0). Let k = g - p. What are the prime factors of k?
11
Let a(b) = b**2 - 12*b + 2. Let i(k) = 2*k**2 - 24*k + 3. Let n(p) = -7*a(p) + 4*i(p). What are the prime factors of n(13)?
11
Suppose 116 - 12 = -4*b. List the prime factors of (-4)/b + (-126)/(-26).
5
Let s(z) = z**2 - 8*z + 4. Let g be s(8). List the prime factors of (3 - g)*-36 - 1.
5, 7
Let s(h) = h**3 + 7*h**2 - 3*h + 1. Let i(n) = -n**3 - 7*n**2 + 2*n. Let o(m) = -6*i(m) - 5*s(m). What are the prime factors of o(-6)?
13
Let k(v) = v**3 - 3*v**2 - v + 1. Let g be k(3). Let s be (0 + 1)/((-15)/270). Let i = g - s. List the prime factors of i.
2
List the prime factors of 98 - (7/14 + 1/2).
97
Let o(n) = 6*n**3 - n**2 + 2*n - 1. Let i be o(2). Let x = 78 - i. Suppose 5*s - 85 = 5*t, 4*s - x - 42 = 5*t. What are the prime factors of s?
2, 3
Suppose 359 = 5*f - 4*x, 4*f = -5*x + 216 + 63. What are the prime factors of f?
71
What are the prime factors of 20*(1 + -3 + 84/10)?
2
Let s = -15 + 9. Suppose 7*i - 75 = 2*i. Let m = i + s. What are the prime factors of m?
3
Let c = -47 + 89. What are the prime factors of c?
2, 3, 7
Let w = 77 + -52. List the prime factors of w.
5
Let z(m) = -m**2 + 2*m + 2. Let w be z(0). Suppose 0 = -2*q + s + 15, -2*q - w*q = 3*s - 25. List the prime factors of q.
7
Let y = 0 + 0. Let c be (y + -6 + 2)/(-2). List the prime factors of (16/(-3))/c*-3.
2
Suppose -4*o + 54 = -26. List the prime factors of o.
2, 5
Let g(v) = v - 4. Let f be g(0). Suppose 0*j = 2*j - 16. Let k = j - f. List the prime factors of k.
2, 3
Suppose -2 = -4*m - 6. List the prime factors of (-6)/2*m - -12.
3, 5
Let x = -33 + 181. Suppose 5*v = v + x. List the prime factors of v.
37
Let r(f) = -8*f**3 + f**2. Let k be r(-1). Suppose x = -u + 6*x - k, 2*u - 4*x = 0. Suppose q + 0*q - 3*m = -u, -4*q + 4*m = 0. List the prime factors of q.
3
Let x be (-30)/(-8) - 12/(-48). Suppose 5*w + x*z - 61 = 0, w + 3*z - 3 = 7. What are the prime factors of w?
13
Let s(x) = -x**3 + 10*x**2 + 13*x - 23. List the prime factors of s(10).
107
Let u(x) be the second derivative of -x**3/2 + 3*x**2/2 - 2*x. What are the prime factors of u(-3)?
2, 3
Suppose 9 = -2*s + 5*s. Suppose -k + 5*z - 5 - 18 = 0, -5 = -z. List the prime factors of k/s - 38/(-6).
7
Let q(t) = 8*t**2. List the prime factors of q(4).
2
Suppose 3*u + 10 = 1. Let y = -10 - -16. Let b = y - u. List the prime factors of b.
3
Let f(p) = p**2 - 6*p - 3. Let z be f(6). What are the prime factors of (-42)/(-12)*(1 - z)?
2, 7
Suppose 14 + 13 = 3*y. Suppose -10*u + 42 = -y*u. List the prime factors of u.
2, 3, 7
Let f = -8 - -5. Let t = 8 + f. Suppose -4*w + z = -35, w + 2*z - 16 = -t. List the prime factors of w.
3
Let t(p) = p**2 - 5*p - 12. Let y be t(7). Suppose y*n = 5*f - 28, 3*n = -f + 7*n + 20. What are the prime factors of f?
2
Suppose -2*h = -3*y + 30, 3*y - 2*y = 2*h + 10. Suppose -3*m = -17 - y. What are the prime factors of m?
3
Suppose v - 4*v + 30 = 0. Let f = v + 6. What are the prime factors of f?
2
Suppose -4*r - 4*a - 8 = 4, 0 = -4*a - 16. Let z = -3 - r. List the prime factors of (-6)/z*8/1.
2, 3
Let p(b) = b**3 - 6*b**2 + 5*b + 6. Let r be p(5). Let x = -1 + 6. List the prime factors of ((-12)/x)/(r/(-20)).
2
What are the prime factors of (-2)/(-4)*0 - (-135)/9?
3, 5
Let p(z) = -z**3 + 9*z**2 - 6*z + 11. Let t = -2 - -10. Let w be p(t). Suppose 0 = -2*v - 2*v - 3*x + w, 5*v - 10 = x. What are the prime factors of v?
3
Let g be -152 + (3 - 0) + -1. What are the prime factors of (-18)/(-63) - g/14?
11
Let r(u) = -u - 3. Let s be r(-8). Suppose s*i = 312 - 67. Suppose 0 = -5*v + 3*x + 31 + 24, 5*x + i = 3*v. What are the prime factors of v?
2
Let u(t) = 2*t**2 + 7*t + 10. What are the prime factors of u(-4)?
2, 7
Let a(z) = -10*z + 4. List the prime factors of a(-5).
2, 3
Let g(m) = m**2 + 20*m - 75. What are the prime factors of g(-27)?
2, 3, 19
List the prime factors of (0*(-1)/(-3) + 1)*44.
2, 11
Let x(c) = 3*c**2 + 7*c - 6. What are the prime factors of x(-7)?
2, 23
Suppose 21 = a + 2*a. Let z(x) = x**3 - x**2 + x - 1. Let j be z(1). Suppose j = -3*u - s + a, -5 = -2*s - 3*s. List the prime factors of u.
2
Suppose 13 = -2*z + 69. Let x = -2 + z. List the prime factors of x.
2, 13
Suppose -7*d - 13 = -867. List the prime factors of d.
2, 61
Suppose 0*x + 136 = 2*x. List the prime factors of -2 - 3/((-6)/x).
2
Let s be 2 + -1 + (-1)/1. Let c = s + 1. Let n = 7 + c. List the prime factors of n.
2
Suppose 0 = a - 0 - 2. Let f(k) = -3*k - 22. Let y be f(-19). Suppose 5*g - y - 14 = j, -2*g - a*j + 10 = 0. What are the prime factors of g?
3
List the prime factors of (-3464)/(-64) + (-2)/16.
2, 3
Let o be (-46)/(-10) - (-18)/(-30). Suppose 4*j + 40 = i, 3*j - 4*j - 10 = -o*i. What are the prime factors of 5*((-34)/j - 1)?
2, 3
Let s = 175 - 53. What are the prime factors of s?
2, 61
Suppose -6*m + 5 = -4*m - 5*g, -g = -2*m + 17. What are the prime factors of m?
2, 5
Suppose 3*p - 3 = 3. What are the prime factors of p?
2
Let a be ((0 - -2) + -6)/(-2). Suppose -3 = 3*o - p, -2*o + 7*p - a = 4*p. List the prime factors of -7*(o/1 - 0).
7
Let i(s) = s**3 + s + 13. Let z be 0/(-2 - (-1 - 3)). What are the prime factors of i(z)?
13
Suppose -d = 5*n + 7, -n = -2*d + 4*n - 14. Let k = 16 + d. What are the prime factors of k?
3
Let u = -2 + 0. Let g = u + 4. Let s = g + 0. What are the prime factors of s?
2
Suppose 0*v - 5*v - 150 = 0. Let s = 42 + v. Suppose -o + 3*r + s = 0, 4*o - 4*r + r - 75 = 0. What are the prime factors of o?
3, 7
List the prime factors of (9 + -7)*37/2.
37
Let o = -11 + 2. Let z be o/(-2) - (-6)/(-12). Suppose -z*a = -a - 69. What are the prime factors of a?
23
Let s = 10 - 5. Suppose 4*t + s*v - 22 - 37 = 0, v - 58 = -5*t. What are the prime factors of t?
11
Suppose 23 = 5*t - p, -5*t + 4*p = -11 - 6. Suppose -t*n + 68 = -12. List the prime factors of n.
2
Let u = -6 + 1. Let i = u + 15. List the prime factors of i.
2, 5
Suppose -24 = -4*l + 48. What are the prime factors of l + (-4)/(3 + -1)?
2
Let u(d) = d**2 - 3*d + 3. Let l be u(2). Let t(o) = -o**3 - 5*o**2 + 5*o + 1. Let n be t(-6). Let m = l + n. What are the prime factors of m?
2
Let q = -84 + 148. List the prime factors of q.
2
Let g be (20/(-12))/((-2)/6). Suppose g*s - 9*s = 8. What are the prime factors of (2 + -19)*2/s?
17
Let u(i) = 3*i**3 - 9*i**2 + 4*i - 6. Let o(s) = s**3 - s**2 + s - 1. Let y be -1*1 + 0 + 2. Let j(r) = y*u(r) - 2*o(r). List the prime factors of j(7).
2, 5
Let n(p) = 3*p**2 + 2*p - 10. What are the prime factors of n(-7)?
3, 41
Suppose -2*x + 4*h + 1 = 5, -4*x = 5*h - 5. Suppose 11 = t - x*t. What are the prime factors of t?
11
Let p be (2 + -3)/((-1)/9). Let z(w) = w**2 - 6*w + 1. What are the prime factors of z(p)?
2, 7
Let o be (-1)/((-4)/(-1 - -29)). Let j(w) = 6*w**2 - 4*w - 2*w**3 + 12*w - 4 + w**3. List the prime factors of j(o).
3
Suppose 0 = 5*r - 224 - 136. Suppose -2*s + 4*s = r. What are the prime factors of s?
2, 3
Suppose -22 = -5*n - 7. Suppose -x = 2*j - 3*x - 24, n*j - 8 = -4*x. List the prime factors of j.
2
Let v(o) = o**3 + 6*o**2 - o - 3. Let q be v(-6). Suppose -2*b = q*b + 20. List the prime factors of (b - -2) + 1*6.
2
Let n be (0/(-2))/(-5 - -2). Suppose -5*s - 2*a = -50, -3*s + n*a + a = -19. List the prime factors of s.
2
Suppose -5*x + 241 = 2*s, 4*s + 44 = x + 3*s. What are the prime factors of x?
47
Let x(j) be the first derivative of -j**4/4 + j**2 + j + 10. List the prime factors of x(-2).
5
Let l be (-8)/(-20) + 13/5. Suppose -4 = -v + l. What are the prime factors of v?
7
Let j = 5 - -4. Suppose 0*f + 4 = -f. Let n = j + f. List the prime factors of n.
5
Let m